s divided by f(-1).
48
Let t(r) = 15*r - 225. Let w be t(15). Suppose 3*j - 30 = -3*o - w*j, 4*o - 28 = 2*j. What is the remainder when 54 is divided by o?
6
Let x(a) = -11*a**3 - 5*a**2 - 5*a - 6. Let i be x(-3). Calculate the remainder when (i/6)/((-16)/(-32)) is divided by 33.
21
Let t be (1 + (-5)/3)/(6/(-9)). Let d be t + (-2 - 0) + 61. Suppose 3*n = 2*n + d. Calculate the remainder when n is divided by 32.
28
Let c = -8080 - -8096. What is the remainder when 602 is divided by c?
10
Let i = -2262 + 2778. What is the remainder when i is divided by 40?
36
Calculate the remainder when 307 is divided by 30 + 0/(-5) + -2 - 5.
8
Let f(d) = -470*d - 890. Calculate the remainder when 6848 is divided by f(-2).
48
Let q = -51 - -55. Suppose 4*w = 5*b + 61, 60 = 3*w + q*b - 3*b. Calculate the remainder when 46 is divided by w.
8
Let p(q) = 0*q**2 - 3 + 3*q + 57*q**3 - 55*q**3 - 5*q**2. Let b = 15 + -12. Calculate the remainder when 43 is divided by p(b).
13
Suppose -4*s = -2*s + 162. Let k = s + 180. Let h = 149 - k. What is the remainder when h is divided by 17?
16
Let n be (-1107)/5 + (-72)/(-180). Let x = 293 + n. Calculate the remainder when x is divided by 25.
22
Let s(p) = -211*p - 1194. What is the remainder when s(-15) is divided by 16?
3
Let f(w) = w**2 - 3*w. Suppose -252*m = -60*m - 48000. What is the remainder when m is divided by f(7)?
26
Let c(k) = -133*k**3 + k**2 - k - 2. Let d(z) = -z**2 + 6*z + 6. Let m be d(7). Let w be c(m). Let l = w + -95. Calculate the remainder when l is divided by 14.
10
Let f(y) be the second derivative of -y**5/20 - y**4/6 - y**3/2 - y**2/2 + 2*y. Let j = -260028 - -260041. Calculate the remainder when j is divided by f(-2).
3
Suppose -33*l - 30 = -36*l. Let n = -1 + 4. Calculate the remainder when l is divided by 3/(-2)*(-8)/n.
2
What is the remainder when 1195 is divided by -24*(-10 - 29/(-3))?
3
Let b = 4066 - 3914. What is the remainder when 604 is divided by b?
148
Let m(o) = -2*o**2 - 114*o - 65. What is the remainder when 1*(3*-29)/(-1) is divided by m(-56)?
40
Suppose -4*i = z - 171, -4*z + 6*i = 3*i - 627. Suppose 9*d - z = 516. What is the remainder when d is divided by 7?
5
Let j = -8683 - -8709. What is the remainder when 1380 is divided by j?
2
Let m = 194 - 198. Let w = 7 + 59. What is the remainder when w is divided by 2 + m + -13 + 18?
0
Suppose -g = -d - 147 + 123, -4*g + 51 = 5*d. Calculate the remainder when (0 + -1 + 0)*-50 is divided by g.
12
Suppose -12*v + 7*v = -600. What is the remainder when ((-5)/(-4))/(6/v) is divided by (21/9)/(1/3)?
4
Let j(z) = -6*z - 28. Let f be j(-8). Let y = 25 - f. Suppose -y + 20 = 3*i. What is the remainder when 18 is divided by i?
3
Suppose -2*p - 4 = -3*p. Suppose -5*l + 152 = 4*q, -q = -3*l + p*q + 69. What is the remainder when 222 is divided by l?
26
Let n = 1087 - 527. What is the remainder when n is divided by 251?
58
Let v(q) = -3*q**2 - 2*q + 4. Let u be v(-2). Let b(i) = -2*i**3 - 4*i**2 + 3*i. Calculate the remainder when 201 is divided by b(u).
45
Suppose -g - 3*j = -2717, g + 2*j - 2513 = 204. Calculate the remainder when g is divided by 160.
157
Suppose -12*n - 8*n + 80 = 0. Suppose 0 = 5*m - n*s - 563, m + 5*s - 41 = 60. Calculate the remainder when m is divided by 19.
16
Let x = -1592 - -1784. Let p(q) = -3*q**2 + 17*q - 2. Let o(d) = -d**2 + 8*d - 1. Let c(y) = 5*o(y) - 2*p(y). Calculate the remainder when x is divided by c(4).
36
Let j(i) = -i**3 + 88*i**2 + i - 10. Calculate the remainder when 328 is divided by j(88).
16
Let w be (4/3)/((-1)/(-2061)). Let m be 3 - (2 + 3)*1 - -20. What is the remainder when 5/(135/w) + 4/m is divided by 26?
24
Suppose -5*u - 1950 = -3*h - 87, 3*u - 1863 = -3*h. What is the remainder when h is divided by 162?
135
Let m(l) be the first derivative of -5*l**4/4 - l**3 - l**2 - 4*l - 12. Let i(t) = -t**2 + 18*t - 29. Calculate the remainder when m(-3) is divided by i(15).
14
Suppose s - g = 52, 4*g = -2*s - 3*s + 260. Let t(a) = a + 19. Calculate the remainder when s is divided by t(9).
24
Let k(c) = -c**2 + c + 24. Let m(h) = -4*h - 1. Calculate the remainder when m(-11) is divided by k(5).
3
Let z be (6/(-7))/((-4)/14). Suppose 0 = -4*f - 16, 5*f = -z*q - 1 + 155. Let b(o) = 2*o**2 + 17*o - 64. Calculate the remainder when q is divided by b(-12).
18
Let o = -227 - -308. Suppose o = -162*s + 165*s. What is the remainder when s is divided by 8?
3
Suppose -1214 - 2471 = -55*p. Calculate the remainder when 1338 is divided by p.
65
Calculate the remainder when (2 - 7/3)/((-37)/28194) is divided by 130.
124
Suppose 3*y = -2*l + 151, -l = -0*l + 4. Let f = 3266 - 3057. What is the remainder when f is divided by y?
50
Let x(h) = -24*h + 219. Let l be x(9). Let g(t) = 12*t + 5. Calculate the remainder when 80 is divided by g(l).
39
Suppose 0 = -4*l - 2*t - 3*t + 159, -2*l + 63 = -3*t. Let j be 19625/4 + 18/24. Suppose 46*w + 77 = j. Calculate the remainder when w is divided by l.
33
Let f(k) = -k**3 + 7*k**2 - 2*k - 9. Let r be f(7). Suppose -10*n = -100 - 240. Let t = n + r. What is the remainder when t is divided by 4?
3
Let c = 230 + -125. Suppose 3*m + 5*n = -7, -16*m + 2*n + 16 = -15*m. What is the remainder when c is divided by m?
3
Let g = 40 + -30. Let r = g - -12. Let a = r - -1. What is the remainder when 66 is divided by a?
20
Let v = 25 - -3. Let p(y) = -y**2 + 31*y + 170. What is the remainder when p(v) is divided by 15?
14
Suppose 5748 = 5*b - 2*g, -4*b + 5276 - 674 = 2*g. Suppose -5*k + 375 + b = 0. Calculate the remainder when k is divided by 34.
33
Let d = -35 - -41. Calculate the remainder when 201 is divided by d/(-10)*(-4 + -81).
48
Let g(a) = 73*a**2 + 277*a - 278. Calculate the remainder when 151 is divided by g(1).
7
Suppose 0 = 5*t - 4*r + 58 - 223, 4*t = 2*r + 126. Let z be (-25)/(-15)*24/8. Suppose -y + 10 = -z. What is the remainder when t is divided by y?
14
Let k = 29 - 14. What is the remainder when ((1856/6)/(-8))/((20 + -21)*(-3)/(-9)) is divided by k?
11
Let x = -104 + 361. Let h = x + -213. What is the remainder when h is divided by 12?
8
Calculate the remainder when 189 is divided by (-5 - -9)*((-66)/(-8) - 2).
14
Suppose -2*v = 2*v - 16, 3*j - 4*v = 23. Suppose -482 = 11*z - 12*z - 5*u, 0 = 3*z - 2*u - 1463. Let m = -441 + z. What is the remainder when m is divided by j?
7
Suppose 5*t - 18364 = 4*c, 144*t - 5*c + 7372 = 146*t. Calculate the remainder when t is divided by 40.
36
Calculate the remainder when 8/(16/(-14)) + (-4 - (-13710)/3) is divided by 95.
94
What is the remainder when (-5 + 6 + 0)*357 is divided by 109?
30
Let o = -438 + 474. What is the remainder when 125 is divided by 40 + (-12)/(-30) + o/10?
37
Suppose -33*u = 25730 - 2333. Let f = -683 - u. Calculate the remainder when 45 is divided by f.
19
Let v(q) = q**3 - 50*q**2 - 38*q - 276. Calculate the remainder when v(51) is divided by 98.
93
Let m be (-24)/(-7) + 12/(-28). Let p be -14*-3*(-1)/3 - m. Let s = 17 - p. Calculate the remainder when s is divided by 5.
4
Let w(x) = 743*x - 2869. What is the remainder when 12564 is divided by w(4)?
101
Let x = 24004 + -18446. What is the remainder when x is divided by 55?
3
Suppose -8*k = 13*k - 3045. Calculate the remainder when (2 + 2 + k)*(-11 + 12) is divided by 76.
73
Suppose 2*n = -2*n + f + 17, -f = 1. Suppose n*v = 169 + 91. What is the remainder when v is divided by (1376/(-301) - -5)/((-155)/(-77) + -2)?
32
Let m be (-812)/(-2) + (-246)/41. Suppose 4*a - m = 4*g, -5*a = -0*a - 4*g - 498. Calculate the remainder when 190 is divided by a.
92
Let m = -356 - -607. Let g = 342 - m. What is the remainder when g is divided by 23?
22
Let s = -40 + 41. Let f be (-1205)/(-10) + s/(-2). Let z = -58 + f. Calculate the remainder when z is divided by 16.
14
Let z(o) = -3*o**2 - 58*o + 169. What is the remainder when z(-19) is divided by 174?
14
Suppose -5*l - 3*t + 149 = 0, t + 10 = 2*l - 54. Let a(h) = h**2 - 8*h + 43. What is the remainder when a(10) is divided by l?
1
Let c = 1918 - 1177. Suppose -3*s = 3*p - c, 354 - 119 = p - 2*s. What is the remainder when p is divided by 49?
47
Let h = 6 + -2. Suppose -t - 2*f - 1 = -0*f, 51 = h*t - 3*f. Let b = 1415 + -1411. Calculate the remainder when t is divided by b.
1
Suppose -1358*o = -1301*o - 2144283. Calculate the r